{"id":1036240,"date":"2024-12-31T21:00:00","date_gmt":"2025-01-01T00:00:00","guid":{"rendered":"https:\/\/mebac.com.ar\/jujuy\/producto\/ambart-a4-260-grs-algodon-canvas-inkjet-x-hoja\/"},"modified":"2026-05-11T17:56:23","modified_gmt":"2026-05-11T20:56:23","slug":"ambart-a4-260-grs-algodon-canvas-inkjet-x-hoja","status":"publish","type":"product","link":"https:\/\/mebac.com.ar\/jujuy\/producto\/ambart-a4-260-grs-algodon-canvas-inkjet-x-hoja\/","title":{"rendered":"Ambart A4 260 Grs Algodon Canvas Inkjet X Hoja"},"content":{"rendered":"<div class=\"wpb-content-wrapper\"><p>[vc_row][vc_column][vc_column_text]<\/p>\n<ul>\n<li>Denominaci\u00f3n: Canvas Cotton<\/li>\n<li>Tama\u00f1o: A4<\/li>\n<li>Superficie: Mate<\/li>\n<li>Gramaje: 260gr<\/li>\n<li>Cantidad de hojas: 1u.<\/li>\n<li>Caracter\u00edsticas: Es un lienzo de gran calidad para tintas al agua, \u00a0de secado instant\u00e1neo, alta longevidad (conservaci\u00f3n del color a trav\u00e9s del tiempo), resistente al agua, importante resoluci\u00f3n y saturaci\u00f3n del color. Compatible con todos los plotters e impresoras con tintas al agua y\/o pigmentadas.<\/li>\n<li>Aplicaciones: \u00a0Fine Art Gicle\u00e9. Reproducci\u00f3n de Obras de Arte. Arte Digital. Impresi\u00f3n de cuadros decorativos y sociales. Ideal para montaje en bastidores de madera.<\/li>\n<\/ul>\n<p>[\/vc_column_text][\/vc_column][\/vc_row]<\/p>\n<\/div>","protected":false},"excerpt":{"rendered":"<p>Lienzo Cotton Canvas Ambart A4 260 Gramos X Hoja<\/p>\n","protected":false},"featured_media":1036241,"template":"","meta":{"_joinchat":[]},"product_brand":[1721],"product_cat":[978,141,657],"product_tag":[],"class_list":{"0":"post-1036240","1":"product","2":"type-product","3":"status-publish","4":"has-post-thumbnail","6":"product_brand-ambart","7":"product_cat-lienzo-canvas","8":"product_cat-papeles","9":"product_cat-papeles-para-imprimir","11":"first","12":"outofstock","13":"shipping-taxable","14":"purchasable","15":"product-type-simple"},"jetpack_sharing_enabled":true,"_links":{"self":[{"href":"https:\/\/mebac.com.ar\/jujuy\/wp-json\/wp\/v2\/product\/1036240","targetHints":{"allow":["GET"]}}],"collection":[{"href":"https:\/\/mebac.com.ar\/jujuy\/wp-json\/wp\/v2\/product"}],"about":[{"href":"https:\/\/mebac.com.ar\/jujuy\/wp-json\/wp\/v2\/types\/product"}],"wp:featuredmedia":[{"embeddable":true,"href":"https:\/\/mebac.com.ar\/jujuy\/wp-json\/wp\/v2\/media\/1036241"}],"wp:attachment":[{"href":"https:\/\/mebac.com.ar\/jujuy\/wp-json\/wp\/v2\/media?parent=1036240"}],"wp:term":[{"taxonomy":"product_brand","embeddable":true,"href":"https:\/\/mebac.com.ar\/jujuy\/wp-json\/wp\/v2\/product_brand?post=1036240"},{"taxonomy":"product_cat","embeddable":true,"href":"https:\/\/mebac.com.ar\/jujuy\/wp-json\/wp\/v2\/product_cat?post=1036240"},{"taxonomy":"product_tag","embeddable":true,"href":"https:\/\/mebac.com.ar\/jujuy\/wp-json\/wp\/v2\/product_tag?post=1036240"}],"curies":[{"name":"wp","href":"https:\/\/api.w.org\/{rel}","templated":true}]}}