{"id":1042235,"date":"2024-12-31T21:00:00","date_gmt":"2025-01-01T00:00:00","guid":{"rendered":"https:\/\/mebac.com.ar\/jujuy\/producto\/hp-250-g7-i5-1035g1-10th-gen-4gb-1tb-156-freedos\/"},"modified":"2026-05-11T18:03:26","modified_gmt":"2026-05-11T21:03:26","slug":"hp-250-g7-i5-1035g1-10th-gen-4gb-1tb-156-freedos","status":"publish","type":"product","link":"https:\/\/mebac.com.ar\/jujuy\/producto\/hp-250-g7-i5-1035g1-10th-gen-4gb-1tb-156-freedos\/","title":{"rendered":"Hp 250 G7 I5-1035g1 10th Gen 4gb 1tb 15,6 Freedos"},"content":{"rendered":"<p>Con\u00e9ctese con el econ\u00f3mico equipo port\u00e1til HP\u00a0250 que ofrece la tecnolog\u00eda m\u00e1s reciente y un chasis duradero que ayuda a protegerlo. Complete tareas profesionales con procesadores Intel\u00ae[2] y herramientas de colaboraci\u00f3n esenciales.<\/p>\n<p><img loading=\"lazy\" decoding=\"async\" class=\"alignnone wp-image-87141 size-full\" src=\"https:\/\/mebac.com.ar\/jujuy\/wp-content\/uploads\/2020\/11\/banner-HP250G7-1.jpg\" alt=\"\" width=\"1080\" height=\"400\" \/><\/p>\n<h4>Desarrollada para negocios<\/h4>\n<p>Complete proyectos con seguridad gracias a la tecnolog\u00eda m\u00e1s reciente, que incluye potentes procesadores Intel\u00ae Core\u2122[2], memoria r\u00e1pida y almacenamiento.<\/p>\n<h4>Dise\u00f1o m\u00f3vil resistente<\/h4>\n<p>Qu\u00e9dese tranquilo sabiendo que el equipo HP\u00a0250 podr\u00e1 mantenerse al d\u00eda con estilos de trabajo m\u00f3viles gracias a un dise\u00f1o m\u00e1s delgado y ligero. El chasis duradero protege el equipo port\u00e1til para que luzca tan profesional como usted.<\/p>\n<h4>Conexi\u00f3n excepcional<\/h4>\n<p>Este equipo port\u00e1til est\u00e1 preparada para conectarse a sus perif\u00e9ricos[3] y est\u00e1 dise\u00f1ado para satisfacer las necesidades de la empresa gracias a un puerto RJ-45 y uno HDMI.<\/p>\n<p>&nbsp;<\/p>\n<h3>Caracter\u00edsticas Principales:<\/h3>\n<p><strong>Marca:<\/strong> HP<\/p>\n<p><strong>L\u00ednea de producto<\/strong>: 250 G7<\/p>\n<p><strong>Modelo:<\/strong> 153B9LT<\/p>\n<p><strong>RAM:<\/strong> 4 GB de SDRAM DDR4-2666 (1\u00a0x\u00a04\u00a0GB)<\/p>\n<p><strong>Capacidad del disco r\u00edgido HDD:<\/strong> SATA de 1 TB y 5400 rpm<\/p>\n<p><strong>Capacidad de disco s\u00f3lido SSD:<\/strong> 0<\/p>\n<p><strong>Pantalla:<\/strong> HD 15,6&#8243; con retroiluminaci\u00f3n WLED HD SVA Antirreflectante.<\/p>\n<p><strong>Resoluci\u00f3n de la pantalla:\u00a0<\/strong> 1366 px x 768 px de 39,6 cm (15,6&#8243;) en diagonal, 220 nits y 45 % de NTSC<\/p>\n<p><strong>Tarjeta de video GPU:<\/strong> Gr\u00e1ficos Intel\u00ae UHD (frecuencia base de 1 GHz, hasta 3,6 GHz con tecnolog\u00eda Intel\u00ae Turbo Boost, 6 MB de cach\u00e9 y 4 n\u00facleos)<\/p>\n<p><strong>Marca del procesador: <\/strong>Intel\u00ae<\/p>\n<p><strong>L\u00ednea del procesador:<\/strong> Core i5<\/p>\n<p><strong>Modelo procesador:<\/strong> <span class=\"andes-table__column--value\">1005G1<\/span><\/p>\n<p><strong>Frecuencia de actualizaci\u00f3n de la pantalla:<\/strong> 60 Hz<\/p>\n<p><strong>Nombre del sistema operativo:<\/strong> Windows<\/p>\n<p><strong>Versi\u00f3n del sistema operativo:<\/strong> 10<\/p>\n<p><strong>Edici\u00f3n del sistema operativo:<\/strong> FreeDos<\/p>\n<p><strong>Pantalla t\u00e1ctil:<\/strong> No<\/p>\n<p>&nbsp;<\/p>\n<h3 class=\"ui-pdp-specs__subtitle\">Otras caracter\u00edsticas<\/h3>\n<div class=\"ui-pdp-list ui-pdp-specs__list\">\n<ul class=\"ui-pdp-list__wrapper\">\n<li class=\"ui-pdp-list__item\">\n<p class=\"ui-pdp-list__text\"><span class=\"ui-pdp-color--BLACK ui-pdp-size--XSMALL ui-pdp-family--BOLD\">Cantidad de n\u00facleos<\/span>: 4<\/p>\n<\/li>\n<li class=\"ui-pdp-list__item\">\n<p class=\"ui-pdp-list__text\"><span class=\"ui-pdp-color--BLACK ui-pdp-size--XSMALL ui-pdp-family--BOLD\">Tipo de memoria RAM<\/span>: DDR4<\/p>\n<\/li>\n<\/ul>\n<ul class=\"ui-pdp-list__wrapper\">\n<li class=\"ui-pdp-list__item\">\n<p class=\"ui-pdp-list__text\"><span class=\"ui-pdp-color--BLACK ui-pdp-size--XSMALL ui-pdp-family--BOLD\">Unidades \u00f3pticas<\/span>: No incluye<\/p>\n<\/li>\n<li class=\"ui-pdp-list__item\">\n<p class=\"ui-pdp-list__text\"><span class=\"ui-pdp-color--BLACK ui-pdp-size--XSMALL ui-pdp-family--BOLD\">Tipo de bater\u00eda<\/span>: Ion de litio<\/p>\n<\/li>\n<\/ul>\n<ul class=\"ui-pdp-list__wrapper\">\n<li class=\"ui-pdp-list__item\">\n<p class=\"ui-pdp-list__text\"><span class=\"ui-pdp-color--BLACK ui-pdp-size--XSMALL ui-pdp-family--BOLD\">Tama\u00f1o de la pantalla<\/span>: 15.6 \u00ab<\/p>\n<\/li>\n<li class=\"ui-pdp-list__item\">\n<p class=\"ui-pdp-list__text\"><span class=\"ui-pdp-color--BLACK ui-pdp-size--XSMALL ui-pdp-family--BOLD\">Peso<\/span>: 1.5 kg<\/p>\n<\/li>\n<\/ul>\n<ul class=\"ui-pdp-list__wrapper\">\n<li class=\"ui-pdp-list__item\">\n<p class=\"ui-pdp-list__text\"><span class=\"ui-pdp-color--BLACK ui-pdp-size--XSMALL ui-pdp-family--BOLD\">Ultrabook<\/span>: No<\/p>\n<\/li>\n<li class=\"ui-pdp-list__item\">\n<p class=\"ui-pdp-list__text\"><span class=\"ui-pdp-color--BLACK ui-pdp-size--XSMALL ui-pdp-family--BOLD\">2 en 1<\/span>: No<\/p>\n<\/li>\n<\/ul>\n<ul class=\"ui-pdp-list__wrapper\">\n<li class=\"ui-pdp-list__item\">\n<p class=\"ui-pdp-list__text\"><span class=\"ui-pdp-color--BLACK ui-pdp-size--XSMALL ui-pdp-family--BOLD\">Interface del disco r\u00edgido<\/span>: SATA 1<\/p>\n<\/li>\n<li class=\"ui-pdp-list__item\">\n<p class=\"ui-pdp-list__text\"><span class=\"ui-pdp-color--BLACK ui-pdp-size--XSMALL ui-pdp-family--BOLD\">Velocidad del procesador<\/span>: 1.2 GHz<\/p>\n<\/li>\n<\/ul>\n<ul class=\"ui-pdp-list__wrapper\">\n<li class=\"ui-pdp-list__item\">\n<p class=\"ui-pdp-list__text\"><span class=\"ui-pdp-color--BLACK ui-pdp-size--XSMALL ui-pdp-family--BOLD\">Velocidad de la memoria RAM<\/span>: 2400 MHz<\/p>\n<\/li>\n<li class=\"ui-pdp-list__item\">\n<p class=\"ui-pdp-list__text\"><span class=\"ui-pdp-color--BLACK ui-pdp-size--XSMALL ui-pdp-family--BOLD\">Relaci\u00f3n de aspecto<\/span>: 16:9<\/p>\n<\/li>\n<\/ul>\n<ul class=\"ui-pdp-list__wrapper\">\n<li class=\"ui-pdp-list__item\">\n<p class=\"ui-pdp-list__text\"><span class=\"ui-pdp-color--BLACK ui-pdp-size--XSMALL ui-pdp-family--BOLD\">Tipo de pantalla<\/span>: LED<\/p>\n<\/li>\n<li class=\"ui-pdp-list__item\">\n<p class=\"ui-pdp-list__text\"><span class=\"ui-pdp-color--BLACK ui-pdp-size--XSMALL ui-pdp-family--BOLD\">Modos de sonido<\/span>: Stereo<\/p>\n<\/li>\n<\/ul>\n<ul class=\"ui-pdp-list__wrapper\">\n<li class=\"ui-pdp-list__item\">\n<p class=\"ui-pdp-list__text\"><span class=\"ui-pdp-color--BLACK ui-pdp-size--XSMALL ui-pdp-family--BOLD\">Puertos de video<\/span>: HDMI<\/p>\n<\/li>\n<li class=\"ui-pdp-list__item\">\n<p class=\"ui-pdp-list__text\"><span class=\"ui-pdp-color--BLACK ui-pdp-size--XSMALL ui-pdp-family--BOLD\">Tipos de puertos USB<\/span>: 2.0,3.0<\/p>\n<\/li>\n<\/ul>\n<ul class=\"ui-pdp-list__wrapper\">\n<li class=\"ui-pdp-list__item\">\n<p class=\"ui-pdp-list__text\"><span class=\"ui-pdp-color--BLACK ui-pdp-size--XSMALL ui-pdp-family--BOLD\">Cantidad de parlantes<\/span>: 2<\/p>\n<\/li>\n<li class=\"ui-pdp-list__item\">\n<p class=\"ui-pdp-list__text\"><span class=\"ui-pdp-color--BLACK ui-pdp-size--XSMALL ui-pdp-family--BOLD\">Cantidad de ranuras para la memoria RAM<\/span>: 2<\/p>\n<\/li>\n<\/ul>\n<ul class=\"ui-pdp-list__wrapper\">\n<li class=\"ui-pdp-list__item\">\n<p class=\"ui-pdp-list__text\"><span class=\"ui-pdp-color--BLACK ui-pdp-size--XSMALL ui-pdp-family--BOLD\">Cantidad de puertos USB<\/span>: 1<\/p>\n<\/li>\n<li class=\"ui-pdp-list__item\">\n<p class=\"ui-pdp-list__text\"><span class=\"ui-pdp-color--BLACK ui-pdp-size--XSMALL ui-pdp-family--BOLD\">Capacidad m\u00e1xima soportada de la memoria RAM<\/span>: 16 GB<\/p>\n<\/li>\n<\/ul>\n<ul class=\"ui-pdp-list__wrapper\">\n<li class=\"ui-pdp-list__item\">\n<p class=\"ui-pdp-list__text\"><span class=\"ui-pdp-color--BLACK ui-pdp-size--XSMALL ui-pdp-family--BOLD\">Resoluci\u00f3n de la c\u00e1mara web<\/span>: 1 Mpx<\/p>\n<\/li>\n<li class=\"ui-pdp-list__item\">\n<p class=\"ui-pdp-list__text\"><span class=\"ui-pdp-color--BLACK ui-pdp-size--XSMALL ui-pdp-family--BOLD\">Ancho<\/span>: 376 mm<\/p>\n<\/li>\n<\/ul>\n<ul class=\"ui-pdp-list__wrapper\">\n<li class=\"ui-pdp-list__item\">\n<p class=\"ui-pdp-list__text\"><span class=\"ui-pdp-color--BLACK ui-pdp-size--XSMALL ui-pdp-family--BOLD\">Profundidad<\/span>: 246 mm<\/p>\n<\/li>\n<li class=\"ui-pdp-list__item\">\n<p class=\"ui-pdp-list__text\"><span class=\"ui-pdp-color--BLACK ui-pdp-size--XSMALL ui-pdp-family--BOLD\">Altura<\/span>: 22.5 mm<\/p>\n<\/li>\n<\/ul>\n<ul class=\"ui-pdp-list__wrapper\">\n<li class=\"ui-pdp-list__item\">\n<p class=\"ui-pdp-list__text\"><span class=\"ui-pdp-color--BLACK ui-pdp-size--XSMALL ui-pdp-family--BOLD\">USB<\/span>: S\u00ed<\/p>\n<\/li>\n<li class=\"ui-pdp-list__item\">\n<p class=\"ui-pdp-list__text\"><span class=\"ui-pdp-color--BLACK ui-pdp-size--XSMALL ui-pdp-family--BOLD\">Wi-Fi<\/span>: S\u00ed<\/p>\n<\/li>\n<\/ul>\n<ul class=\"ui-pdp-list__wrapper\">\n<li class=\"ui-pdp-list__item\">\n<p class=\"ui-pdp-list__text\"><span class=\"ui-pdp-color--BLACK ui-pdp-size--XSMALL ui-pdp-family--BOLD\">HDMI<\/span>: S\u00ed<\/p>\n<\/li>\n<li class=\"ui-pdp-list__item\">\n<p class=\"ui-pdp-list__text\"><span class=\"ui-pdp-color--BLACK ui-pdp-size--XSMALL ui-pdp-family--BOLD\">Bluetooth<\/span>: S\u00ed<\/p>\n<\/li>\n<\/ul>\n<ul class=\"ui-pdp-list__wrapper\">\n<li class=\"ui-pdp-list__item\">\n<p class=\"ui-pdp-list__text\"><span class=\"ui-pdp-color--BLACK ui-pdp-size--XSMALL ui-pdp-family--BOLD\">C\u00e1mara web<\/span>: S\u00ed<\/p>\n<\/li>\n<li class=\"ui-pdp-list__item\">\n<p class=\"ui-pdp-list__text\"><span class=\"ui-pdp-color--BLACK ui-pdp-size--XSMALL ui-pdp-family--BOLD\">Micr\u00f3fono<\/span>: S\u00ed<\/p>\n<\/li>\n<\/ul>\n<ul class=\"ui-pdp-list__wrapper\">\n<li class=\"ui-pdp-list__item\">\n<p class=\"ui-pdp-list__text\"><span class=\"ui-pdp-color--BLACK ui-pdp-size--XSMALL ui-pdp-family--BOLD\">Salida para auriculares<\/span>: S\u00ed<\/p>\n<\/li>\n<li class=\"ui-pdp-list__item\">\n<p class=\"ui-pdp-list__text\"><span class=\"ui-pdp-color--BLACK ui-pdp-size--XSMALL ui-pdp-family--BOLD\">Puerto ethernet<\/span>: S\u00ed<\/p>\n<\/li>\n<\/ul>\n<ul class=\"ui-pdp-list__wrapper\">\n<li class=\"ui-pdp-list__item\">\n<p class=\"ui-pdp-list__text\"><span class=\"ui-pdp-color--BLACK ui-pdp-size--XSMALL ui-pdp-family--BOLD\">Pad num\u00e9rico<\/span>: S\u00ed<\/p>\n<\/li>\n<li class=\"ui-pdp-list__item\">\n<p class=\"ui-pdp-list__text\"><span class=\"ui-pdp-color--BLACK ui-pdp-size--XSMALL ui-pdp-family--BOLD\">Lector de tarjeta de memoria<\/span>: S\u00ed<\/p>\n<\/li>\n<\/ul>\n<ul class=\"ui-pdp-list__wrapper\">\n<li class=\"ui-pdp-list__item\">\n<p class=\"ui-pdp-list__text\"><span class=\"ui-pdp-color--BLACK ui-pdp-size--XSMALL ui-pdp-family--BOLD\">Pantalla antirreflejo<\/span>: S\u00ed<\/p>\n<\/li>\n<\/ul>\n<\/div>\n<p>&nbsp;<\/p>\n","protected":false},"excerpt":{"rendered":"<p>153b9lt Notebook Hp 250 G7 Procesador I5-1035g1 4gb Ram 1tb Hdd Display 15,6 Freedos<\/p>\n","protected":false},"featured_media":1042236,"template":"","meta":{"_joinchat":[]},"product_brand":[854],"product_cat":[1553,132,1574],"product_tag":[],"class_list":{"0":"post-1042235","1":"product","2":"type-product","3":"status-publish","4":"has-post-thumbnail","6":"product_brand-hp","7":"product_cat-computadoras","8":"product_cat-informatica","9":"product_cat-notebooks","11":"first","12":"outofstock","13":"shipping-taxable","14":"purchasable","15":"product-type-simple"},"jetpack_sharing_enabled":true,"_links":{"self":[{"href":"https:\/\/mebac.com.ar\/jujuy\/wp-json\/wp\/v2\/product\/1042235","targetHints":{"allow":["GET"]}}],"collection":[{"href":"https:\/\/mebac.com.ar\/jujuy\/wp-json\/wp\/v2\/product"}],"about":[{"href":"https:\/\/mebac.com.ar\/jujuy\/wp-json\/wp\/v2\/types\/product"}],"wp:featuredmedia":[{"embeddable":true,"href":"https:\/\/mebac.com.ar\/jujuy\/wp-json\/wp\/v2\/media\/1042236"}],"wp:attachment":[{"href":"https:\/\/mebac.com.ar\/jujuy\/wp-json\/wp\/v2\/media?parent=1042235"}],"wp:term":[{"taxonomy":"product_brand","embeddable":true,"href":"https:\/\/mebac.com.ar\/jujuy\/wp-json\/wp\/v2\/product_brand?post=1042235"},{"taxonomy":"product_cat","embeddable":true,"href":"https:\/\/mebac.com.ar\/jujuy\/wp-json\/wp\/v2\/product_cat?post=1042235"},{"taxonomy":"product_tag","embeddable":true,"href":"https:\/\/mebac.com.ar\/jujuy\/wp-json\/wp\/v2\/product_tag?post=1042235"}],"curies":[{"name":"wp","href":"https:\/\/api.w.org\/{rel}","templated":true}]}}