{"id":899756,"date":"2026-04-11T19:41:06","date_gmt":"2026-04-11T22:41:06","guid":{"rendered":"https:\/\/mebac.com.ar\/jujuy\/producto\/ambart-a3-230-grs-glossy-texturado-corteza-x-20-hojas\/"},"modified":"2026-03-10T00:00:05","modified_gmt":"2026-03-10T03:00:05","slug":"ambart-a3-230-grs-glossy-texturado-corteza-x-20-hojas","status":"publish","type":"product","link":"https:\/\/mebac.com.ar\/jujuy\/producto\/ambart-a3-230-grs-glossy-texturado-corteza-x-20-hojas\/","title":{"rendered":"Ambart A3 230 Grs Glossy Texturado Corteza X 20 Hojas"},"content":{"rendered":"<div class=\"wpb-content-wrapper\"><p>[vc_row][vc_column][vc_column_text]<\/p>\n<ul>\n<li>Denominaci\u00f3n: Texturado simil Corteza<\/li>\n<li>Tama\u00f1o: A3<\/li>\n<li>Superficie: brillo tramado<\/li>\n<li>Gramaje: 230gr<\/li>\n<li>Cantidad de hojas: 20 u.<\/li>\n<li>Caracter\u00edsticas: Es papel de secado instant\u00e1neo, excelente resoluci\u00f3n y saturaci\u00f3n del color. Compatible con todas las impresoras con tintas al agua y\/o pigmentadas. Tambien puede usarse en impresoras laser.<\/li>\n<li>Aplicaciones: \u00a0\u00a0Folleter\u00eda. Tarjeteria. Artes gr\u00e1ficas. Arte Digital<\/li>\n<\/ul>\n<p>[\/vc_column_text][\/vc_column][\/vc_row]<\/p>\n<\/div>","protected":false},"excerpt":{"rendered":"<p>Papel Texturado Glossy Corteza Ambart A3 230 Gramos Resma X 20 Hojas<\/p>\n","protected":false},"featured_media":1010701,"template":"","meta":{"_joinchat":[]},"product_brand":[1721],"product_cat":[141,657,664],"product_tag":[],"class_list":{"0":"post-899756","1":"product","2":"type-product","3":"status-publish","4":"has-post-thumbnail","6":"product_brand-ambart","7":"product_cat-papeles","8":"product_cat-papeles-para-imprimir","9":"product_cat-texturados","11":"first","12":"instock","13":"shipping-taxable","14":"purchasable","15":"product-type-simple"},"jetpack_sharing_enabled":true,"_links":{"self":[{"href":"https:\/\/mebac.com.ar\/jujuy\/wp-json\/wp\/v2\/product\/899756","targetHints":{"allow":["GET"]}}],"collection":[{"href":"https:\/\/mebac.com.ar\/jujuy\/wp-json\/wp\/v2\/product"}],"about":[{"href":"https:\/\/mebac.com.ar\/jujuy\/wp-json\/wp\/v2\/types\/product"}],"wp:featuredmedia":[{"embeddable":true,"href":"https:\/\/mebac.com.ar\/jujuy\/wp-json\/wp\/v2\/media\/1010701"}],"wp:attachment":[{"href":"https:\/\/mebac.com.ar\/jujuy\/wp-json\/wp\/v2\/media?parent=899756"}],"wp:term":[{"taxonomy":"product_brand","embeddable":true,"href":"https:\/\/mebac.com.ar\/jujuy\/wp-json\/wp\/v2\/product_brand?post=899756"},{"taxonomy":"product_cat","embeddable":true,"href":"https:\/\/mebac.com.ar\/jujuy\/wp-json\/wp\/v2\/product_cat?post=899756"},{"taxonomy":"product_tag","embeddable":true,"href":"https:\/\/mebac.com.ar\/jujuy\/wp-json\/wp\/v2\/product_tag?post=899756"}],"curies":[{"name":"wp","href":"https:\/\/api.w.org\/{rel}","templated":true}]}}