{"id":902907,"date":"2024-12-31T21:00:00","date_gmt":"2025-01-01T00:00:00","guid":{"rendered":"https:\/\/mebac.com.ar\/jujuy\/producto\/l14150-a3-con-tinta-para-sublimar\/"},"modified":"2026-04-23T16:27:04","modified_gmt":"2026-04-23T19:27:04","slug":"l14150-a3-con-tinta-para-sublimar","status":"publish","type":"product","link":"https:\/\/mebac.com.ar\/jujuy\/producto\/l14150-a3-con-tinta-para-sublimar\/","title":{"rendered":"L14150 A3 Con Tinta Para Sublimar"},"content":{"rendered":"<div class=\"wpb-content-wrapper\"><p>[vc_row][vc_column][vc_column_text el_class=\u00bbsonaframe\u00bb]<\/p>\n<ul>\n<li>Pack vers\u00e1til para iniciarse en el negocio de la personalizaci\u00f3n y para negocios que busquen ofrecer personalizaciones en formatos m\u00e1s grandes al\u00a0A4.<\/li>\n<li>Impresi\u00f3n de alta calidad de dise\u00f1os e im\u00e1genes utilizando papel y tintas de sublimaci\u00f3n, para su posterior transferencia t\u00e9rmica sobre textiles o\u00a0r\u00edgidos.<\/li>\n<li>Tintas de sublimaci\u00f3n INKTEC con las que se logran estampados en colores vivos, llamativos y muy actuales. Se incluyen: 200 ml tinta negra y 100 ml de tinta cyan, magenta y\u00a0amarillo.<\/li>\n<\/ul>\n<h3><strong>Recomendaci\u00f3n:<\/strong><\/h3>\n<ul>\n<li>Si no realizas impresiones con regularidad, es recomendable realizar al menos una limpieza de inyectores semanal para evitar obstrucciones de cabezal.<\/li>\n<\/ul>\n<h3><strong>Acerca de la Garant\u00eda:<\/strong><\/h3>\n<ul>\n<li>La garant\u00eda oficial de Epson queda anulada al instalar tintas de sublimaci\u00f3n en la impresora debido a que ha sido dise\u00f1ada para ser utilizada con sus tintas de serie.<\/li>\n<li>MEBAC ofrece una garant\u00eda de 30 d\u00edas naturales, per\u00edodo de tiempo estimado para realizar la instalaci\u00f3n y puesta en marcha de la impresora,\u00a0siempre que todos los\u00a0consumibles utilizados hayan sido adquiridos en MEBAC.<\/li>\n<\/ul>\n<h3><strong>Perfil de Color:<\/strong><\/h3>\n<ul>\n<li>Perfil de color para impresoras Epson con sistema continuo con tintas de sublimaci\u00f3n INKTEC.<\/li>\n<li>A continuaci\u00f3n encontrar\u00e1s un enlace con instrucciones para la descarga e instalaci\u00f3n de los perfiles de color. Estos perfiles fueron especialmente dise\u00f1ados por MEBAC para ser utilizados con nuestras impresoras Epson con sistema continuo y nuestras tintas de sublimaci\u00f3n INKTEC.<br \/>\n<a href=\"https:\/\/mebac.com.ar\/jujuy\/wp-content\/uploads\/2019\/11\/Instalacion-de-perfil-de-color-para-Epson-Serie-L-y-tintas-de-sublimacion-2.pdf\" target=\"_blank\" rel=\"noopener\"><span style=\"color: #3366ff\">Descarga el perfil aqu\u00ed<\/span><\/a><\/li>\n<\/ul>\n<p>[\/vc_column_text][\/vc_column][\/vc_row][vc_row][vc_column][vc_video link=\u00bbhttps:\/\/youtu.be\/miQEi1PtBRc\u00bb align=\u00bbcenter\u00bb el_class=\u00bbvideoproducto\u00bb][\/vc_column][\/vc_row]<\/p>\n<\/div>","protected":false},"excerpt":{"rendered":"<p>Ciea3m100 Multifuncion L14150 Con 4 Tintas Para Sublimar Marca Ink Tec X100<\/p>\n","protected":false},"featured_media":1012740,"template":"","meta":{"_joinchat":[]},"product_brand":[853],"product_cat":[661,1451,1449],"product_tag":[],"class_list":{"0":"post-902907","1":"product","2":"type-product","3":"status-publish","4":"has-post-thumbnail","6":"product_brand-epson","7":"product_cat-estampado","8":"product_cat-impresoras-para-estampar","9":"product_cat-maquinas-para-estampar","11":"first","12":"instock","13":"shipping-taxable","14":"purchasable","15":"product-type-simple"},"jetpack_sharing_enabled":true,"_links":{"self":[{"href":"https:\/\/mebac.com.ar\/jujuy\/wp-json\/wp\/v2\/product\/902907","targetHints":{"allow":["GET"]}}],"collection":[{"href":"https:\/\/mebac.com.ar\/jujuy\/wp-json\/wp\/v2\/product"}],"about":[{"href":"https:\/\/mebac.com.ar\/jujuy\/wp-json\/wp\/v2\/types\/product"}],"wp:featuredmedia":[{"embeddable":true,"href":"https:\/\/mebac.com.ar\/jujuy\/wp-json\/wp\/v2\/media\/1012740"}],"wp:attachment":[{"href":"https:\/\/mebac.com.ar\/jujuy\/wp-json\/wp\/v2\/media?parent=902907"}],"wp:term":[{"taxonomy":"product_brand","embeddable":true,"href":"https:\/\/mebac.com.ar\/jujuy\/wp-json\/wp\/v2\/product_brand?post=902907"},{"taxonomy":"product_cat","embeddable":true,"href":"https:\/\/mebac.com.ar\/jujuy\/wp-json\/wp\/v2\/product_cat?post=902907"},{"taxonomy":"product_tag","embeddable":true,"href":"https:\/\/mebac.com.ar\/jujuy\/wp-json\/wp\/v2\/product_tag?post=902907"}],"curies":[{"name":"wp","href":"https:\/\/api.w.org\/{rel}","templated":true}]}}