{"id":903162,"date":"2025-01-01T00:00:00","date_gmt":"2025-01-01T03:00:00","guid":{"rendered":"https:\/\/mebac.com.ar\/jujuy\/producto\/brother-capskit1-kit-de-stickers\/"},"modified":"2026-03-31T11:10:03","modified_gmt":"2026-03-31T14:10:03","slug":"brother-capskit1-kit-de-stickers","status":"publish","type":"product","link":"https:\/\/mebac.com.ar\/jujuy\/producto\/brother-capskit1-kit-de-stickers\/","title":{"rendered":"Brother Capskit1 Kit De Stickers"},"content":{"rendered":"<div class=\"wpb-content-wrapper\"><p>[vc_row][vc_column][vc_column_text]<\/p>\n<p>\u00a1Imprima su imagen favorita, c\u00f3rtela y cree pegatinas y etiquetas de su propio dise\u00f1o!.<\/p>\n<ul>\n<li>Hojas A4 (21 x 29,7 cm), para trabajar con ScanNCut y el software ScanNCutCanvas.<\/li>\n<li>3 hojas A4 de adhesivos imprimibles<\/li>\n<li>3 hojas laminadas A4 de alto brillo, profesional y resistente al agua.<\/li>\n<li>Reposicionable en la mayor\u00eda de las superficies de pl\u00e1stico.<\/li>\n<li>S\u00f3lo para impresoras de inyecci\u00f3n de tinta.<\/li>\n<li>Raspador para levantar los stickers<\/li>\n<li>C\u00f3digo de activaci\u00f3n para la funci\u00f3n de etiqueta imprimible ScanNCutCanvas<\/li>\n<li>Gu\u00eda de instrucciones<\/li>\n<li>Compatible con Brother ScanNCut SDX125, SDX225, CM300 y CM650<\/li>\n<li>C\u00f3digo: CAPSKIT1<\/li>\n<\/ul>\n<p>[\/vc_column_text][vc_video link=\u00bbhttps:\/\/www.youtube.com\/watch?v=2Wfnx6mnefI&amp;ab_channel=BrotherScanNCut\u00bb align=\u00bbcenter\u00bb el_class=\u00bbvideoproducto\u00bb][\/vc_column][\/vc_row]<\/p>\n<\/div>","protected":false},"excerpt":{"rendered":"<p>Capskit1 Kit De Stickers Brother Codigo De Activacion Para La Funcion De Etiqueta Imprimible Scanncutcanvas Guia De Instrucciones<\/p>\n","protected":false},"featured_media":1012893,"template":"","meta":{"_joinchat":[]},"product_brand":[856],"product_cat":[1408,1399,1562],"product_tag":[],"class_list":{"0":"post-903162","1":"product","2":"type-product","3":"status-publish","4":"has-post-thumbnail","6":"product_brand-brother","7":"product_cat-cortar","8":"product_cat-encuadernacion-corte-y-craft","9":"product_cat-scanncut-accesorios","11":"first","12":"instock","13":"shipping-taxable","14":"purchasable","15":"product-type-simple"},"jetpack_sharing_enabled":true,"_links":{"self":[{"href":"https:\/\/mebac.com.ar\/jujuy\/wp-json\/wp\/v2\/product\/903162","targetHints":{"allow":["GET"]}}],"collection":[{"href":"https:\/\/mebac.com.ar\/jujuy\/wp-json\/wp\/v2\/product"}],"about":[{"href":"https:\/\/mebac.com.ar\/jujuy\/wp-json\/wp\/v2\/types\/product"}],"wp:featuredmedia":[{"embeddable":true,"href":"https:\/\/mebac.com.ar\/jujuy\/wp-json\/wp\/v2\/media\/1012893"}],"wp:attachment":[{"href":"https:\/\/mebac.com.ar\/jujuy\/wp-json\/wp\/v2\/media?parent=903162"}],"wp:term":[{"taxonomy":"product_brand","embeddable":true,"href":"https:\/\/mebac.com.ar\/jujuy\/wp-json\/wp\/v2\/product_brand?post=903162"},{"taxonomy":"product_cat","embeddable":true,"href":"https:\/\/mebac.com.ar\/jujuy\/wp-json\/wp\/v2\/product_cat?post=903162"},{"taxonomy":"product_tag","embeddable":true,"href":"https:\/\/mebac.com.ar\/jujuy\/wp-json\/wp\/v2\/product_tag?post=903162"}],"curies":[{"name":"wp","href":"https:\/\/api.w.org\/{rel}","templated":true}]}}