{"id":904336,"date":"2024-12-31T21:00:00","date_gmt":"2025-01-01T00:00:00","guid":{"rendered":"https:\/\/mebac.com.ar\/jujuy\/producto\/guillotina-global-a3-base-metal\/"},"modified":"2026-04-30T20:42:04","modified_gmt":"2026-04-30T23:42:04","slug":"guillotina-global-a3-base-metal","status":"publish","type":"product","link":"https:\/\/mebac.com.ar\/jujuy\/producto\/guillotina-global-a3-base-metal\/","title":{"rendered":"Guillotina Global A3 Base Metal"},"content":{"rendered":"<div class=\"wpb-content-wrapper\"><p>[vc_row][vc_column][vc_column_text]<\/p>\n<div class=\"sonaframe\">\n<div class=\"ui-pdp-container__row ui-pdp-container__row--technical-specifications\">\n<div class=\"ui-pdp-specs\">\n<ul>\n<li>Guillotina A3 para Corte Recto<\/li>\n<li>Autoafilable con Pisa Papel y Gu\u00eda Magn\u00e9tica de Base Met\u00e1lica<\/li>\n<\/ul>\n<p>&nbsp;<\/p>\n<h2 class=\"ui-pdp-specs__title\">Caracter\u00edsticas principales<\/h2>\n<div class=\"ui-pdp-specs__table\">\n<table class=\"andes-table\">\n<tbody class=\"andes-table__body\">\n<tr class=\"andes-table__row\">\n<th class=\"andes-table__header andes-table__header--left ui-pdp-specs__table__column ui-pdp-specs__table__column-title\">Marca<\/th>\n<td class=\"andes-table__column andes-table__column--left ui-pdp-specs__table__column\"><span class=\"andes-table__column--value\">Global Electronics<\/span><\/td>\n<\/tr>\n<tr class=\"andes-table__rowa\">\n<th class=\"andes-table__header andes-table__header--left ui-pdp-specs__table__column ui-pdp-specs__table__column-title\">Modelo<\/th>\n<td class=\"andes-table__column andes-table__column--left ui-pdp-specs__table__column\"><span class=\"andes-table__column--value\">GUILLOTINA-A3-METAL<\/span><\/td>\n<\/tr>\n<tr class=\"andes-table__row\">\n<th class=\"andes-table__header andes-table__header--left ui-pdp-specs__table__column ui-pdp-specs__table__column-title\">Tipo de guillotina<\/th>\n<td class=\"andes-table__column andes-table__column--left ui-pdp-specs__table__column\"><span class=\"andes-table__column--value\">Palanca<\/span><\/td>\n<\/tr>\n<tr class=\"andes-table__rowa\">\n<th class=\"andes-table__header andes-table__header--left ui-pdp-specs__table__column ui-pdp-specs__table__column-title\">Largo de corte<\/th>\n<td class=\"andes-table__column andes-table__column--left ui-pdp-specs__table__column\"><span class=\"andes-table__column--value\">45cm<\/span><\/td>\n<\/tr>\n<tr class=\"andes-table__row\">\n<th class=\"andes-table__header andes-table__header--left ui-pdp-specs__table__column ui-pdp-specs__table__column-title\">Cuchillas extras<\/th>\n<td class=\"andes-table__column andes-table__column--left ui-pdp-specs__table__column\"><span class=\"andes-table__column--value\">No<\/span><\/td>\n<\/tr>\n<tr class=\"andes-table__rowa\">\n<th class=\"andes-table__header andes-table__header--left ui-pdp-specs__table__column ui-pdp-specs__table__column-title\">Capacidad del corte de hoja<\/th>\n<td class=\"andes-table__column andes-table__column--left ui-pdp-specs__table__column\"><span class=\"andes-table__column--value\">10<\/span><\/td>\n<\/tr>\n<tr class=\"andes-table__row\">\n<th class=\"andes-table__header andes-table__header--left ui-pdp-specs__table__column ui-pdp-specs__table__column-title\">Autoafilable<\/th>\n<td class=\"andes-table__column andes-table__column--left ui-pdp-specs__table__column\"><span class=\"andes-table__column--value\">Si<\/span><\/td>\n<\/tr>\n<tr class=\"andes-table__rowa\">\n<th class=\"andes-table__header andes-table__header--left ui-pdp-specs__table__column ui-pdp-specs__table__column-title\">Tama\u00f1o<\/th>\n<td class=\"andes-table__column andes-table__column--left ui-pdp-specs__table__column\"><span class=\"andes-table__column--value\">A3<\/span><\/td>\n<\/tr>\n<tr class=\"andes-table__row\">\n<th class=\"andes-table__header andes-table__header--left ui-pdp-specs__table__column ui-pdp-specs__table__column-title\">Mesa de corte<\/th>\n<td class=\"andes-table__column andes-table__column--left ui-pdp-specs__table__column\"><span class=\"andes-table__column--value\">480 x 250 mm<\/span><\/td>\n<\/tr>\n<\/tbody>\n<\/table>\n<\/div>\n<\/div>\n<\/div>\n<\/div>\n<p>[\/vc_column_text][\/vc_column][\/vc_row]<\/p>\n<\/div>","protected":false},"excerpt":{"rendered":"<p>Guillotina De Mesa A Palanca Global A3 Base Metalica<\/p>\n","protected":false},"featured_media":1013594,"template":"","meta":{"_joinchat":[]},"product_brand":[1719],"product_cat":[1408,1399,1425],"product_tag":[],"class_list":{"0":"post-904336","1":"product","2":"type-product","3":"status-publish","4":"has-post-thumbnail","6":"product_brand-future-graphics","7":"product_cat-cortar","8":"product_cat-encuadernacion-corte-y-craft","9":"product_cat-guillotinas-a-palanca","11":"first","12":"instock","13":"shipping-taxable","14":"purchasable","15":"product-type-simple"},"jetpack_sharing_enabled":true,"_links":{"self":[{"href":"https:\/\/mebac.com.ar\/jujuy\/wp-json\/wp\/v2\/product\/904336","targetHints":{"allow":["GET"]}}],"collection":[{"href":"https:\/\/mebac.com.ar\/jujuy\/wp-json\/wp\/v2\/product"}],"about":[{"href":"https:\/\/mebac.com.ar\/jujuy\/wp-json\/wp\/v2\/types\/product"}],"wp:featuredmedia":[{"embeddable":true,"href":"https:\/\/mebac.com.ar\/jujuy\/wp-json\/wp\/v2\/media\/1013594"}],"wp:attachment":[{"href":"https:\/\/mebac.com.ar\/jujuy\/wp-json\/wp\/v2\/media?parent=904336"}],"wp:term":[{"taxonomy":"product_brand","embeddable":true,"href":"https:\/\/mebac.com.ar\/jujuy\/wp-json\/wp\/v2\/product_brand?post=904336"},{"taxonomy":"product_cat","embeddable":true,"href":"https:\/\/mebac.com.ar\/jujuy\/wp-json\/wp\/v2\/product_cat?post=904336"},{"taxonomy":"product_tag","embeddable":true,"href":"https:\/\/mebac.com.ar\/jujuy\/wp-json\/wp\/v2\/product_tag?post=904336"}],"curies":[{"name":"wp","href":"https:\/\/api.w.org\/{rel}","templated":true}]}}

<div class="wpb-content-wrapper"><p>[vc_row][vc_column][vc_column_text]</p>
<div class="sonaframe">
<div class="ui-pdp-container__row ui-pdp-container__row--technical-specifications">
<div class="ui-pdp-specs">
<ul>
<li>Guillotina A3 para Corte Recto</li>
<li>Autoafilable con Pisa Papel y Guía Magnética de Base Metálica</li>
</ul>
<p>&nbsp;</p>
<h2 class="ui-pdp-specs__title">Características principales</h2>
<div class="ui-pdp-specs__table">
<table class="andes-table">
<tbody class="andes-table__body">
<tr class="andes-table__row">
<th class="andes-table__header andes-table__header--left ui-pdp-specs__table__column ui-pdp-specs__table__column-title">Marca</th>
<td class="andes-table__column andes-table__column--left ui-pdp-specs__table__column"><span class="andes-table__column--value">Global Electronics</span></td>
</tr>
<tr class="andes-table__rowa">
<th class="andes-table__header andes-table__header--left ui-pdp-specs__table__column ui-pdp-specs__table__column-title">Modelo</th>
<td class="andes-table__column andes-table__column--left ui-pdp-specs__table__column"><span class="andes-table__column--value">GUILLOTINA-A3-METAL</span></td>
</tr>
<tr class="andes-table__row">
<th class="andes-table__header andes-table__header--left ui-pdp-specs__table__column ui-pdp-specs__table__column-title">Tipo de guillotina</th>
<td class="andes-table__column andes-table__column--left ui-pdp-specs__table__column"><span class="andes-table__column--value">Palanca</span></td>
</tr>
<tr class="andes-table__rowa">
<th class="andes-table__header andes-table__header--left ui-pdp-specs__table__column ui-pdp-specs__table__column-title">Largo de corte</th>
<td class="andes-table__column andes-table__column--left ui-pdp-specs__table__column"><span class="andes-table__column--value">45cm</span></td>
</tr>
<tr class="andes-table__row">
<th class="andes-table__header andes-table__header--left ui-pdp-specs__table__column ui-pdp-specs__table__column-title">Cuchillas extras</th>
<td class="andes-table__column andes-table__column--left ui-pdp-specs__table__column"><span class="andes-table__column--value">No</span></td>
</tr>
<tr class="andes-table__rowa">
<th class="andes-table__header andes-table__header--left ui-pdp-specs__table__column ui-pdp-specs__table__column-title">Capacidad del corte de hoja</th>
<td class="andes-table__column andes-table__column--left ui-pdp-specs__table__column"><span class="andes-table__column--value">10</span></td>
</tr>
<tr class="andes-table__row">
<th class="andes-table__header andes-table__header--left ui-pdp-specs__table__column ui-pdp-specs__table__column-title">Autoafilable</th>
<td class="andes-table__column andes-table__column--left ui-pdp-specs__table__column"><span class="andes-table__column--value">Si</span></td>
</tr>
<tr class="andes-table__rowa">
<th class="andes-table__header andes-table__header--left ui-pdp-specs__table__column ui-pdp-specs__table__column-title">Tamaño</th>
<td class="andes-table__column andes-table__column--left ui-pdp-specs__table__column"><span class="andes-table__column--value">A3</span></td>
</tr>
<tr class="andes-table__row">
<th class="andes-table__header andes-table__header--left ui-pdp-specs__table__column ui-pdp-specs__table__column-title">Mesa de corte</th>
<td class="andes-table__column andes-table__column--left ui-pdp-specs__table__column"><span class="andes-table__column--value">480 x 250 mm</span></td>
</tr>
</tbody>
</table>
</div>
</div>
</div>
</div>
<p>[/vc_column_text][/vc_column][/vc_row]</p>
</div>
