{"id":904672,"date":"2025-01-01T00:00:00","date_gmt":"2025-01-01T03:00:00","guid":{"rendered":"https:\/\/mebac.com.ar\/jujuy\/producto\/mca-vinilo-mccal-x-122-cm-rojo-x-metro\/"},"modified":"2026-03-31T11:10:09","modified_gmt":"2026-03-31T14:10:09","slug":"mca-vinilo-mccal-x-122-cm-rojo-x-metro","status":"publish","type":"product","link":"https:\/\/mebac.com.ar\/jujuy\/producto\/mca-vinilo-mccal-x-122-cm-rojo-x-metro\/","title":{"rendered":"Mca Vinilo Mccal X 122 Cm Rojo X Metro"},"content":{"rendered":"<div class=\"wpb-content-wrapper\"><p>[vc_row][vc_column][vc_column_text]<\/p>\n<h3><strong>FICHA T\u00c9CNICA<\/strong><\/h3>\n<p><strong>CALIDAD:<\/strong> Polim\u00e9rico &#8211; Adhesivo al Solvente<\/p>\n<p><strong>CALIBRE FILM:<\/strong> 180mc<\/p>\n<p><strong>CALIBRE LINER:<\/strong> 135grs<\/p>\n<p><strong>MEDIDAS:<\/strong> 122cm<\/p>\n<p><strong>GARANT\u00cdA AL EXTERIOR:<\/strong> 5 a\u00f1os<\/p>\n<p><strong>APLICACIONES:<\/strong> Rotulaci\u00f3n Vehicular, Interior y exterior, Gr\u00e1fica en general y m\u00e1s<\/p>\n<p><a href=\"https:\/\/mebac.com.ar\/jujuy\/wp-content\/uploads\/2022\/03\/Catalogo-McCal.pdf\"><span style=\"color: #3366ff\">Cat\u00e1logo Digital<\/span><\/a><\/p>\n<p><a href=\"https:\/\/mebac.com.ar\/jujuy\/wp-content\/uploads\/2022\/02\/Catalogo-Arlac-Car-Wrap_compressed.pdf\"><span style=\"color: #3366ff\">Cat\u00e1logo Car Wrap<\/span><\/a>[\/vc_column_text][\/vc_column][\/vc_row]<\/p>\n<\/div>","protected":false},"excerpt":{"rendered":"<p>Vinilo Mccal Serie Mca &#8211; Fibra De Carbono X 122 Cm Rojo<\/p>\n","protected":false},"featured_media":1013772,"template":"","meta":{"_joinchat":[]},"product_brand":[1728],"product_cat":[183,1567,1419],"product_tag":[],"class_list":{"0":"post-904672","1":"product","2":"type-product","3":"status-publish","4":"has-post-thumbnail","6":"product_brand-sin-marca","7":"product_cat-carteleria","8":"product_cat-fibra-de-carbono-mca","9":"product_cat-vinilos-mccal","11":"first","12":"instock","13":"shipping-taxable","14":"purchasable","15":"product-type-simple"},"jetpack_sharing_enabled":true,"_links":{"self":[{"href":"https:\/\/mebac.com.ar\/jujuy\/wp-json\/wp\/v2\/product\/904672","targetHints":{"allow":["GET"]}}],"collection":[{"href":"https:\/\/mebac.com.ar\/jujuy\/wp-json\/wp\/v2\/product"}],"about":[{"href":"https:\/\/mebac.com.ar\/jujuy\/wp-json\/wp\/v2\/types\/product"}],"wp:featuredmedia":[{"embeddable":true,"href":"https:\/\/mebac.com.ar\/jujuy\/wp-json\/wp\/v2\/media\/1013772"}],"wp:attachment":[{"href":"https:\/\/mebac.com.ar\/jujuy\/wp-json\/wp\/v2\/media?parent=904672"}],"wp:term":[{"taxonomy":"product_brand","embeddable":true,"href":"https:\/\/mebac.com.ar\/jujuy\/wp-json\/wp\/v2\/product_brand?post=904672"},{"taxonomy":"product_cat","embeddable":true,"href":"https:\/\/mebac.com.ar\/jujuy\/wp-json\/wp\/v2\/product_cat?post=904672"},{"taxonomy":"product_tag","embeddable":true,"href":"https:\/\/mebac.com.ar\/jujuy\/wp-json\/wp\/v2\/product_tag?post=904672"}],"curies":[{"name":"wp","href":"https:\/\/api.w.org\/{rel}","templated":true}]}}