{"id":904796,"date":"2024-12-31T21:00:00","date_gmt":"2025-01-01T00:00:00","guid":{"rendered":"https:\/\/mebac.com.ar\/jujuy\/producto\/tela-termotransferible-sublimable-blanco-sublifabric-44-cm-x-metro\/"},"modified":"2026-05-05T10:11:04","modified_gmt":"2026-05-05T13:11:04","slug":"tela-termotransferible-sublimable-blanco-sublifabric-44-cm-x-metro","status":"publish","type":"product","link":"https:\/\/mebac.com.ar\/jujuy\/producto\/tela-termotransferible-sublimable-blanco-sublifabric-44-cm-x-metro\/","title":{"rendered":"Tela Termotransferible Sublimable Blanco Sublifabric 44 Cm X Metro"},"content":{"rendered":"<div class=\"wpb-content-wrapper\"><p>[vc_row][vc_column][vc_column_text]<\/p>\n<ul>\n<li>Vinilo textil sublimable SubliFabric 44 cm de ancho<\/li>\n<li>Textura s\u00edmil tejido, ligero al tacto, muy delgado.<\/li>\n<li>Colores v\u00edvidos con la durabilidad de transferencia de imagen que solo la sublimaci\u00f3n garantiza, utilizando el color de prenda que prefieras.<\/li>\n<li>Con la superadherencia que solo los vinilos termotransferibles ofrecen.<\/li>\n<li>Aplicable sobre 100% Algod\u00f3n, 100% Poli\u00e9ster y Mezclas.<\/li>\n<li>Con liner de soporte que permite cortarlo no solo con tijeras sino tambi\u00e9n con plotter o m\u00e1quina de corte.<\/li>\n<li>F\u00e1cil de Aplicar, ideal para trabajos en serie.<\/li>\n<li>Unidad de venta: x metro<\/li>\n<li>Par\u00e1metros de Sublimaci\u00f3n: 200 grados cent\u00edgrados\u00a0por 60 segundo con presi\u00f3n media<\/li>\n<\/ul>\n<p><a href=\"https:\/\/mebac.com.ar\/jujuy\/wp-content\/uploads\/2020\/12\/Catalogo-Termo.pdf\"><span style=\"color: #0000ff\">Cat\u00e1logo Termo<\/span><\/a>[\/vc_column_text][\/vc_column][\/vc_row]<\/p>\n<\/div>","protected":false},"excerpt":{"rendered":"<p>Tela Termotransferible Sublimable Blanco Sublifabric Con Soporte Cod. Ph701 44 Cm De Ancho X Metro<\/p>\n","protected":false},"featured_media":1013834,"template":"","meta":{"_joinchat":[]},"product_brand":[1738],"product_cat":[661,1270,1379],"product_tag":[],"class_list":{"0":"post-904796","1":"product","2":"type-product","3":"status-publish","4":"has-post-thumbnail","6":"product_brand-mccal","7":"product_cat-estampado","8":"product_cat-sublimables","9":"product_cat-vinilos-sublimables","11":"first","12":"instock","13":"shipping-taxable","14":"purchasable","15":"product-type-simple"},"jetpack_sharing_enabled":true,"_links":{"self":[{"href":"https:\/\/mebac.com.ar\/jujuy\/wp-json\/wp\/v2\/product\/904796","targetHints":{"allow":["GET"]}}],"collection":[{"href":"https:\/\/mebac.com.ar\/jujuy\/wp-json\/wp\/v2\/product"}],"about":[{"href":"https:\/\/mebac.com.ar\/jujuy\/wp-json\/wp\/v2\/types\/product"}],"wp:featuredmedia":[{"embeddable":true,"href":"https:\/\/mebac.com.ar\/jujuy\/wp-json\/wp\/v2\/media\/1013834"}],"wp:attachment":[{"href":"https:\/\/mebac.com.ar\/jujuy\/wp-json\/wp\/v2\/media?parent=904796"}],"wp:term":[{"taxonomy":"product_brand","embeddable":true,"href":"https:\/\/mebac.com.ar\/jujuy\/wp-json\/wp\/v2\/product_brand?post=904796"},{"taxonomy":"product_cat","embeddable":true,"href":"https:\/\/mebac.com.ar\/jujuy\/wp-json\/wp\/v2\/product_cat?post=904796"},{"taxonomy":"product_tag","embeddable":true,"href":"https:\/\/mebac.com.ar\/jujuy\/wp-json\/wp\/v2\/product_tag?post=904796"}],"curies":[{"name":"wp","href":"https:\/\/api.w.org\/{rel}","templated":true}]}}