{"id":905128,"date":"2024-12-31T21:00:00","date_gmt":"2025-01-01T00:00:00","guid":{"rendered":"https:\/\/mebac.com.ar\/jujuy\/producto\/df-01m-vinilo-mccal-x-61-cm-pastel-amarillo-matte-x-metro\/"},"modified":"2026-03-31T11:10:10","modified_gmt":"2026-03-31T14:10:10","slug":"df-01m-vinilo-mccal-x-61-cm-pastel-amarillo-matte-x-metro","status":"publish","type":"product","link":"https:\/\/mebac.com.ar\/jujuy\/producto\/df-01m-vinilo-mccal-x-61-cm-pastel-amarillo-matte-x-metro\/","title":{"rendered":"Df-01m Vinilo Mccal X 61 Cm Pastel Amarillo Matte X Metro"},"content":{"rendered":"<div class=\"wpb-content-wrapper\"><p>[vc_row][vc_column][vc_column_text]<\/p>\n<h3><strong>FICHA T\u00c9CNICA<\/strong><\/h3>\n<p><strong>CALIDAD:<\/strong> Monom\u00e9rico &#8211; Adhesivo al Solvente<\/p>\n<p><strong>CALIBRE FILM:<\/strong> 80mc<\/p>\n<p><strong>CALIBRE LINER:<\/strong> 135grs<\/p>\n<p><strong>MEDIDAS:<\/strong> 61cm<\/p>\n<p><strong>GARANT\u00cdA AL EXTERIOR:<\/strong> 5 a\u00f1os<\/p>\n<p><strong>APLICACIONES:<\/strong> Vinilos decorativos, vidrieras, stickers, decoraci\u00f3n de interiores, rotulaci\u00f3n en general y m\u00e1s.<\/p>\n<p><strong>Aplicaci\u00f3n Interior y Exterior<\/strong><\/p>\n<p><a href=\"https:\/\/mebac.com.ar\/jujuy\/wp-content\/uploads\/2022\/03\/Catalogo-McCal.pdf\"><span style=\"color: #3366ff\">Cat\u00e1logo Digital<\/span><\/a>[\/vc_column_text][\/vc_column][\/vc_row]<\/p>\n<\/div>","protected":false},"excerpt":{"rendered":"<p>Vinilo Mccal Serie Tt &#8211; Cod Df-01m X 61 Cm Amarillo<\/p>\n","protected":false},"featured_media":1014003,"template":"","meta":{"_joinchat":[]},"product_brand":[1738],"product_cat":[183,1578,1419],"product_tag":[],"class_list":{"0":"post-905128","1":"product","2":"type-product","3":"status-publish","4":"has-post-thumbnail","6":"product_brand-mccal","7":"product_cat-carteleria","8":"product_cat-pastel-stt","9":"product_cat-vinilos-mccal","11":"first","12":"instock","13":"shipping-taxable","14":"purchasable","15":"product-type-simple"},"jetpack_sharing_enabled":true,"_links":{"self":[{"href":"https:\/\/mebac.com.ar\/jujuy\/wp-json\/wp\/v2\/product\/905128","targetHints":{"allow":["GET"]}}],"collection":[{"href":"https:\/\/mebac.com.ar\/jujuy\/wp-json\/wp\/v2\/product"}],"about":[{"href":"https:\/\/mebac.com.ar\/jujuy\/wp-json\/wp\/v2\/types\/product"}],"wp:featuredmedia":[{"embeddable":true,"href":"https:\/\/mebac.com.ar\/jujuy\/wp-json\/wp\/v2\/media\/1014003"}],"wp:attachment":[{"href":"https:\/\/mebac.com.ar\/jujuy\/wp-json\/wp\/v2\/media?parent=905128"}],"wp:term":[{"taxonomy":"product_brand","embeddable":true,"href":"https:\/\/mebac.com.ar\/jujuy\/wp-json\/wp\/v2\/product_brand?post=905128"},{"taxonomy":"product_cat","embeddable":true,"href":"https:\/\/mebac.com.ar\/jujuy\/wp-json\/wp\/v2\/product_cat?post=905128"},{"taxonomy":"product_tag","embeddable":true,"href":"https:\/\/mebac.com.ar\/jujuy\/wp-json\/wp\/v2\/product_tag?post=905128"}],"curies":[{"name":"wp","href":"https:\/\/api.w.org\/{rel}","templated":true}]}}