{"id":903147,"date":"2026-01-18T15:05:38","date_gmt":"2026-01-18T18:05:38","guid":{"rendered":"https:\/\/mebac.com.ar\/salta\/producto\/brother-cascp1-espatula-para-barrer-suciedad-del-tapete\/"},"modified":"2026-04-06T11:55:35","modified_gmt":"2026-04-06T14:55:35","slug":"brother-cascp1-espatula-para-barrer-suciedad-del-tapete","status":"publish","type":"product","link":"https:\/\/mebac.com.ar\/salta\/producto\/brother-cascp1-espatula-para-barrer-suciedad-del-tapete\/","title":{"rendered":"Brother Cascp1 Espatula Para Barrer Suciedad Del Tapete"},"content":{"rendered":"<ul>\n<li>Retira los cortes de tu alfombrilla r\u00e1pida y f\u00e1cilmente, sin da\u00f1ar tu alfombrilla.<\/li>\n<li>El borde afilado puede levantar hasta el material m\u00e1s delgado por ejemplo papel tissue.<\/li>\n<li>Borde ligeramente curvado que ayuda a aplicar el material sin problemas.<\/li>\n<li>Se puede sostener c\u00f3modamente gracias a su forma redondeada.<\/li>\n<li>Compatible con Brother ScanNCut SDX125, SDX225, CM300 y CM650<\/li>\n<li>C\u00f3digo: CASCP1<\/li>\n<\/ul>\n","protected":false},"excerpt":{"rendered":"<p>Cascp1 Scrapper Para Barrer Suciedad De Los Tapetes De Scun N Cut<\/p>\n","protected":false},"featured_media":1004534,"template":"","meta":{"_joinchat":[]},"product_brand":[856],"product_cat":[1000,681,1008],"product_tag":[],"class_list":{"0":"post-903147","1":"product","2":"type-product","3":"status-publish","4":"has-post-thumbnail","6":"product_brand-brother","7":"product_cat-cortar","8":"product_cat-encuadernacion-corte-y-craft","9":"product_cat-scanncut-accesorios","11":"first","12":"instock","13":"shipping-taxable","14":"purchasable","15":"product-type-simple"},"jetpack_sharing_enabled":true,"_links":{"self":[{"href":"https:\/\/mebac.com.ar\/salta\/wp-json\/wp\/v2\/product\/903147","targetHints":{"allow":["GET"]}}],"collection":[{"href":"https:\/\/mebac.com.ar\/salta\/wp-json\/wp\/v2\/product"}],"about":[{"href":"https:\/\/mebac.com.ar\/salta\/wp-json\/wp\/v2\/types\/product"}],"wp:featuredmedia":[{"embeddable":true,"href":"https:\/\/mebac.com.ar\/salta\/wp-json\/wp\/v2\/media\/1004534"}],"wp:attachment":[{"href":"https:\/\/mebac.com.ar\/salta\/wp-json\/wp\/v2\/media?parent=903147"}],"wp:term":[{"taxonomy":"product_brand","embeddable":true,"href":"https:\/\/mebac.com.ar\/salta\/wp-json\/wp\/v2\/product_brand?post=903147"},{"taxonomy":"product_cat","embeddable":true,"href":"https:\/\/mebac.com.ar\/salta\/wp-json\/wp\/v2\/product_cat?post=903147"},{"taxonomy":"product_tag","embeddable":true,"href":"https:\/\/mebac.com.ar\/salta\/wp-json\/wp\/v2\/product_tag?post=903147"}],"curies":[{"name":"wp","href":"https:\/\/api.w.org\/{rel}","templated":true}]}}