{"id":903167,"date":"2026-04-04T16:23:11","date_gmt":"2026-04-04T19:23:11","guid":{"rendered":"https:\/\/mebac.com.ar\/salta\/producto\/brother-cadxmatlow24-tapete-turquesa-adhesivo-bajo-30x60-sdx\/"},"modified":"2026-03-31T11:10:42","modified_gmt":"2026-03-31T14:10:42","slug":"brother-cadxmatlow24-tapete-turquesa-adhesivo-bajo-30x60-sdx","status":"publish","type":"product","link":"https:\/\/mebac.com.ar\/salta\/producto\/brother-cadxmatlow24-tapete-turquesa-adhesivo-bajo-30x60-sdx\/","title":{"rendered":"Brother Cadxmatlow24 Tapete Turquesa Adhesivo Bajo 30&#215;60 Sdx"},"content":{"rendered":"<ul>\n<li>Este tapete tiene un adhesivo que fija el material para ser cortado y puede usarse m\u00faltiples veces.<\/li>\n<li>Est\u00e1 especialmente dise\u00f1ado para papel delicado o fino come el papel para imprespra o el papel vitela y es compatible con tama\u00f1os de hasta 12\u2033 x 24\u201d (305 mm x 610 mm).<\/li>\n<li>Especifico para Brother ScanNCut SDX125 y SDX225<\/li>\n<li>C\u00f3digo:\u00a0<em>CADXMATLOW24<\/em><\/li>\n<\/ul>\n","protected":false},"excerpt":{"rendered":"<p>Cadxmatlow24 Tapete Baja Sujecion 30&#215;60 Cm Para Scan N Cut Sdx<\/p>\n","protected":false},"featured_media":1004545,"template":"","meta":{"_joinchat":[]},"product_brand":[856],"product_cat":[1000,681,1008],"product_tag":[],"class_list":{"0":"post-903167","1":"product","2":"type-product","3":"status-publish","4":"has-post-thumbnail","6":"product_brand-brother","7":"product_cat-cortar","8":"product_cat-encuadernacion-corte-y-craft","9":"product_cat-scanncut-accesorios","11":"first","12":"instock","13":"shipping-taxable","14":"purchasable","15":"product-type-simple"},"jetpack_sharing_enabled":true,"_links":{"self":[{"href":"https:\/\/mebac.com.ar\/salta\/wp-json\/wp\/v2\/product\/903167","targetHints":{"allow":["GET"]}}],"collection":[{"href":"https:\/\/mebac.com.ar\/salta\/wp-json\/wp\/v2\/product"}],"about":[{"href":"https:\/\/mebac.com.ar\/salta\/wp-json\/wp\/v2\/types\/product"}],"wp:featuredmedia":[{"embeddable":true,"href":"https:\/\/mebac.com.ar\/salta\/wp-json\/wp\/v2\/media\/1004545"}],"wp:attachment":[{"href":"https:\/\/mebac.com.ar\/salta\/wp-json\/wp\/v2\/media?parent=903167"}],"wp:term":[{"taxonomy":"product_brand","embeddable":true,"href":"https:\/\/mebac.com.ar\/salta\/wp-json\/wp\/v2\/product_brand?post=903167"},{"taxonomy":"product_cat","embeddable":true,"href":"https:\/\/mebac.com.ar\/salta\/wp-json\/wp\/v2\/product_cat?post=903167"},{"taxonomy":"product_tag","embeddable":true,"href":"https:\/\/mebac.com.ar\/salta\/wp-json\/wp\/v2\/product_tag?post=903167"}],"curies":[{"name":"wp","href":"https:\/\/api.w.org\/{rel}","templated":true}]}}